{"id":1513,"date":"2024-09-16T15:30:28","date_gmt":"2024-09-16T21:30:28","guid":{"rendered":"http:\/\/acusticaysonido.net\/ayshome\/?post_type=product&#038;p=1513"},"modified":"2024-09-16T15:30:28","modified_gmt":"2024-09-16T21:30:28","slug":"fonestar-fcm-767-microfono-condensador-sobremesa","status":"publish","type":"product","link":"http:\/\/acusticaysonido.net\/ayshome\/index.php\/product\/fonestar-fcm-767-microfono-condensador-sobremesa\/","title":{"rendered":"FONESTAR, FCM-767, Micr\u00f3fono Condensador Sobremesa"},"content":{"rendered":"<table class=\"table-bordered\">\n<tbody>\n<tr class=\"border-bottom\">\n<td class=\"feature\">CARACTER\u00cdSTICAS:<\/td>\n<td class=\"description\">Micr\u00f3fono con flexo y tubo. Longitud extra, especial para hablar de pie o a cierta distancia desde mesa o atril.<\/td>\n<\/tr>\n<tr class=\"border-bottom\">\n<td class=\"feature\">C\u00c1PSULA:<\/td>\n<td class=\"description\">Condensador electret unidireccional<\/td>\n<\/tr>\n<tr class=\"border-bottom\">\n<td class=\"feature\">RESPUESTA:<\/td>\n<td class=\"description\">80-18.000 Hz<\/td>\n<\/tr>\n<tr class=\"border-bottom\">\n<td class=\"feature\">SENSIBILIDAD:<\/td>\n<td class=\"description\">-51 dB (V\/Pa) a 1 kHz<\/td>\n<\/tr>\n<tr class=\"border-bottom\">\n<td class=\"feature\">IMPEDANCIA:<\/td>\n<td class=\"description\">100-600 \u03a9<\/td>\n<\/tr>\n<tr class=\"border-bottom\">\n<td class=\"feature\">INTERRUPTOR:<\/td>\n<td class=\"description\">De micro: on\/off y PTT\/PTL<br \/>\nDe filtro: corte de graves\/respuesta plana<\/td>\n<\/tr>\n<tr class=\"border-bottom\">\n<td class=\"feature\">INDICADORES:<\/td>\n<td class=\"description\">Indicador luminoso de funcionamiento<\/td>\n<\/tr>\n<tr class=\"border-bottom\">\n<td class=\"feature\">CONECTORES:<\/td>\n<td class=\"description\">Mini XLR macho<br \/>\nL\u00ednea balanceada<\/td>\n<\/tr>\n<tr class=\"border-bottom\">\n<td class=\"feature\">PHANTOM:<\/td>\n<td class=\"description\">11 a 52 V CC<\/td>\n<\/tr>\n<tr class=\"border-bottom\">\n<td class=\"feature\">ALTURA:<\/td>\n<td class=\"description\">Total: 48 cm con base de sobremesa antichoque, tubo y flexo<\/td>\n<\/tr>\n<tr class=\"border-bottom\">\n<td class=\"feature\">PESO:<\/td>\n<td class=\"description\">0&#8217;6 kg<\/td>\n<\/tr>\n<tr class=\"border-bottom\">\n<td class=\"feature\">ACCESORIOS:<\/td>\n<td class=\"description\">Espuma quitavientos<br \/>\nCable 5 m balanceado con conectores mini XLR hembra a XLR macho<\/td>\n<\/tr>\n<\/tbody>\n<\/table>\n<p><a href=\"https:\/\/fonestar.com\/fcm-767\/\" target=\"_blank\" rel=\"noopener noreferrer\"><span style=\"color: #0000ff;\">Click aqu\u00ed para m\u00e1s informaci\u00f3n del producto.<\/span><\/a><\/p>\n","protected":false},"excerpt":{"rendered":"<p>Micr\u00f3fonos de condensador electret de sobremesa.<br \/>\nRecomendados para sistemas de conferencias, sistemas de megafon\u00eda, iglesias, etc.<br \/>\nBases de sobremesa con interruptor y salida por conector XLR.<\/p>\n","protected":false},"featured_media":1514,"comment_status":"closed","ping_status":"closed","template":"","meta":[],"product_cat":[33],"product_tag":[20,34],"_links":{"self":[{"href":"http:\/\/acusticaysonido.net\/ayshome\/index.php\/wp-json\/wp\/v2\/product\/1513"}],"collection":[{"href":"http:\/\/acusticaysonido.net\/ayshome\/index.php\/wp-json\/wp\/v2\/product"}],"about":[{"href":"http:\/\/acusticaysonido.net\/ayshome\/index.php\/wp-json\/wp\/v2\/types\/product"}],"replies":[{"embeddable":true,"href":"http:\/\/acusticaysonido.net\/ayshome\/index.php\/wp-json\/wp\/v2\/comments?post=1513"}],"wp:featuredmedia":[{"embeddable":true,"href":"http:\/\/acusticaysonido.net\/ayshome\/index.php\/wp-json\/wp\/v2\/media\/1514"}],"wp:attachment":[{"href":"http:\/\/acusticaysonido.net\/ayshome\/index.php\/wp-json\/wp\/v2\/media?parent=1513"}],"wp:term":[{"taxonomy":"product_cat","embeddable":true,"href":"http:\/\/acusticaysonido.net\/ayshome\/index.php\/wp-json\/wp\/v2\/product_cat?post=1513"},{"taxonomy":"product_tag","embeddable":true,"href":"http:\/\/acusticaysonido.net\/ayshome\/index.php\/wp-json\/wp\/v2\/product_tag?post=1513"}],"curies":[{"name":"wp","href":"https:\/\/api.w.org\/{rel}","templated":true}]}}