{"id":1369,"date":"2021-12-01T17:00:28","date_gmt":"2021-12-01T23:00:28","guid":{"rendered":"https:\/\/acusticaysonido.net\/ayshome\/?post_type=product&#038;p=1369"},"modified":"2024-09-16T14:56:22","modified_gmt":"2024-09-16T20:56:22","slug":"fonestar-malibu-215p-altavoz-portatil","status":"publish","type":"product","link":"http:\/\/acusticaysonido.net\/ayshome\/index.php\/product\/fonestar-malibu-215p-altavoz-portatil\/","title":{"rendered":"FONESTAR, MALIBU-215P, Altavoz Port\u00e1til"},"content":{"rendered":"<p><strong>Especificaciones<\/strong><\/p>\n<table style=\"height: 560px;\" width=\"777\">\n<tbody>\n<tr>\n<td width=\"132\">CARACTER\u00cdSTICAS<\/td>\n<td width=\"378\">Altavoz port\u00e1til.<\/td>\n<\/tr>\n<tr>\n<td width=\"132\"><\/td>\n<td width=\"378\">2 micr\u00f3fonos inal\u00e1mbricos VHF, 1 de mano y 1 de cabeza.<\/td>\n<\/tr>\n<tr>\n<td width=\"132\"><\/td>\n<td width=\"378\">(191&#8217;900 MHz y 174&#8217;300 MHz respectivamente).<\/td>\n<\/tr>\n<tr>\n<td width=\"132\"><\/td>\n<td width=\"378\">Reproductor USB\/SD\/MP3.<\/td>\n<\/tr>\n<tr>\n<td width=\"132\"><\/td>\n<td width=\"378\">Bater\u00eda recargable.<\/td>\n<\/tr>\n<tr>\n<td width=\"132\"><\/td>\n<td width=\"378\">Funci\u00f3n eco y control de tonos.<\/td>\n<\/tr>\n<tr>\n<td width=\"132\"><\/td>\n<td width=\"378\">Carro de transporte trolley.<\/td>\n<\/tr>\n<tr>\n<td width=\"132\"><\/td>\n<td width=\"378\">Mando a distancia.<\/td>\n<\/tr>\n<tr>\n<td width=\"132\"><\/td>\n<td width=\"378\">Orificio en la base para tubo de 35 mm.<\/td>\n<\/tr>\n<tr>\n<td width=\"132\">POTENCIA<\/td>\n<td width=\"378\">200 W m\u00e1ximo<\/td>\n<\/tr>\n<tr>\n<td width=\"132\"><\/td>\n<td width=\"378\">40 W RMS<\/td>\n<\/tr>\n<tr>\n<td width=\"132\">ALTAVOCES<\/td>\n<td width=\"378\">1 woofer 15&#8243;<\/td>\n<\/tr>\n<tr>\n<td width=\"132\"><\/td>\n<td width=\"378\">1 tweeter 1&#8243;<\/td>\n<\/tr>\n<tr>\n<td width=\"132\">ENTRADAS<\/td>\n<td width=\"378\">2 micros, XLR y jack 6&#8217;3 mm<\/td>\n<\/tr>\n<tr>\n<td width=\"132\"><\/td>\n<td width=\"378\">1 auxiliar est\u00e9reo, 2 x RCA<\/td>\n<\/tr>\n<tr>\n<td width=\"132\">SALIDAS<\/td>\n<td width=\"378\">1 auxiliar est\u00e9reo, 2 x RCA<\/td>\n<\/tr>\n<tr>\n<td width=\"132\">ALIMENTACI\u00d3N<\/td>\n<td width=\"378\">230\/115 V CA y 12 V CC<\/td>\n<\/tr>\n<tr>\n<td width=\"132\"><\/td>\n<td width=\"378\">Bater\u00eda Pb 12 V, 7&#8217;5 Ah<\/td>\n<\/tr>\n<tr>\n<td width=\"132\"><\/td>\n<td width=\"378\">Autonom\u00eda con bater\u00eda recargable: 3 horas<\/td>\n<\/tr>\n<tr>\n<td width=\"132\"><\/td>\n<td width=\"378\">Tiempo de carga de la bater\u00eda: 8 horas aproximadamente<\/td>\n<\/tr>\n<tr>\n<td width=\"132\"><\/td>\n<td width=\"378\">Funcionamiento durante la recarga<\/td>\n<\/tr>\n<tr>\n<td width=\"132\">MEDIDAS<\/td>\n<td width=\"378\">450 x 685 x 385 mm fondo<\/td>\n<\/tr>\n<tr>\n<td width=\"132\">PESO<\/td>\n<td width=\"378\">15&#8217;05 kg<\/td>\n<\/tr>\n<tr>\n<td width=\"132\">OPCIONAL<\/td>\n<td width=\"378\">FAL-M15: bolsa de transporte<\/td>\n<\/tr>\n<\/tbody>\n<\/table>\n<p><em><a href=\"https:\/\/fonestar.com\/ES\/MALIBU-215P\" target=\"_blank\" rel=\"noopener\"><strong>Click aqu\u00ed para m\u00e1s informaci\u00f3n del producto.<\/strong><\/a><\/em><\/p>\n","protected":false},"excerpt":{"rendered":"<p>Altavoz port\u00e1til con 2 micr\u00f3fonos inal\u00e1mbricos.<\/p>\n<p>Gran potencia y calidad de sonido proporcionada por su amplificador clase D de alta eficiencia. Integran todos los elementos necesarios para una actuaci\u00f3n o charla en directo: 2 micr\u00f3fonos inal\u00e1mbricos (1 de mano y 1 de cabeza), 2 entradas de micr\u00f3fonos, 1 auxiliar, reproductor USB\/SD\/MP3, mezclador, ecualizador gr\u00e1fico, altavoz y amplificador. Adem\u00e1s, su carro de transporte trolley junto a la bater\u00eda recargable de gran autonom\u00eda, lo hacen muy vers\u00e1til y adaptable a multitud de usos. Es muy resistente al transporte gracias a su construcci\u00f3n robusta en inyecci\u00f3n. Las entradas de audio tienen las conexiones de audio est\u00e1ndar del mercado: XLR, jack y RCA. Incluye mando a distancia para control remoto. Su uso sencillo e intuitivo minimiza el tiempo de configuraci\u00f3n en funci\u00f3n del uso.<\/p>\n<p><a href=\"http:\/\/acusticaysonido.net\/ayshome\/index.php\/contactenos\/\" target=\"_blank\" rel=\"noopener\"><em><strong>Llamar para obtener precio<\/strong><\/em><\/a><\/p>\n","protected":false},"featured_media":1370,"comment_status":"closed","ping_status":"closed","template":"","meta":[],"product_cat":[24],"product_tag":[25,20,26,32],"_links":{"self":[{"href":"http:\/\/acusticaysonido.net\/ayshome\/index.php\/wp-json\/wp\/v2\/product\/1369"}],"collection":[{"href":"http:\/\/acusticaysonido.net\/ayshome\/index.php\/wp-json\/wp\/v2\/product"}],"about":[{"href":"http:\/\/acusticaysonido.net\/ayshome\/index.php\/wp-json\/wp\/v2\/types\/product"}],"replies":[{"embeddable":true,"href":"http:\/\/acusticaysonido.net\/ayshome\/index.php\/wp-json\/wp\/v2\/comments?post=1369"}],"wp:featuredmedia":[{"embeddable":true,"href":"http:\/\/acusticaysonido.net\/ayshome\/index.php\/wp-json\/wp\/v2\/media\/1370"}],"wp:attachment":[{"href":"http:\/\/acusticaysonido.net\/ayshome\/index.php\/wp-json\/wp\/v2\/media?parent=1369"}],"wp:term":[{"taxonomy":"product_cat","embeddable":true,"href":"http:\/\/acusticaysonido.net\/ayshome\/index.php\/wp-json\/wp\/v2\/product_cat?post=1369"},{"taxonomy":"product_tag","embeddable":true,"href":"http:\/\/acusticaysonido.net\/ayshome\/index.php\/wp-json\/wp\/v2\/product_tag?post=1369"}],"curies":[{"name":"wp","href":"https:\/\/api.w.org\/{rel}","templated":true}]}}