{"id":197,"date":"2020-05-08T10:46:41","date_gmt":"2020-05-08T16:46:41","guid":{"rendered":"http:\/\/acusticaysonido.net\/ayshome\/?page_id=197"},"modified":"2020-05-20T15:46:48","modified_gmt":"2020-05-20T21:46:48","slug":"lithe-audio","status":"publish","type":"page","link":"http:\/\/acusticaysonido.net\/ayshome\/index.php\/lithe-audio\/","title":{"rendered":"Lithe Audio"},"content":{"rendered":"\n<figure class=\"wp-block-image size-large is-resized\"><a href=\"https:\/\/www.litheaudio.com\/\" target=\"_blank\" rel=\"noopener noreferrer\"><img loading=\"lazy\" decoding=\"async\" src=\"http:\/\/acusticaysonido.net\/ayshome\/wp-content\/uploads\/2020\/05\/litheaudio-logo.png\" alt=\"\" class=\"wp-image-321\" width=\"300\" height=\"66\" srcset=\"http:\/\/acusticaysonido.net\/ayshome\/wp-content\/uploads\/2020\/05\/litheaudio-logo.png 842w, http:\/\/acusticaysonido.net\/ayshome\/wp-content\/uploads\/2020\/05\/litheaudio-logo-600x134.png 600w, http:\/\/acusticaysonido.net\/ayshome\/wp-content\/uploads\/2020\/05\/litheaudio-logo-300x67.png 300w, http:\/\/acusticaysonido.net\/ayshome\/wp-content\/uploads\/2020\/05\/litheaudio-logo-768x171.png 768w\" sizes=\"(max-width: 300px) 100vw, 300px\" \/><\/a><\/figure>\n\n\n\n<hr class=\"wp-block-separator\"\/>\n\n\n\n<p><a href=\"https:\/\/www.litheaudio.com\/\" target=\"_blank\" rel=\"noreferrer noopener\"><span class=\"has-inline-color has-vivid-cyan-blue-color\">Visitar p\u00e1gina web de Lithe Audio<\/span><\/a><\/p>\n\n\n\n<hr class=\"wp-block-separator\"\/>\n\n\n\n<p>Lithe Audio Limited es una compa\u00f1\u00eda de audio din\u00e1mica y progresista con sede en el Reino Unido que se especializa en tecnolog\u00edas de audio inal\u00e1mbricas para los sectores residencial y hotelero. Ofrece una amplia gama de altavoces de techo activos con innovaci\u00f3n en el n\u00facleo de cada uno. Especialistas en tecnolog\u00edas Wifi y Bluetooth, as\u00ed como integraci\u00f3n con algunas de las principales marcas de hogares inteligentes del mundo, incluidas Apple, Amazon, Google y Control4, por nombrar algunas, lo que ayuda a los clientes a aprovechar el panorama de audio de hoy y de ma\u00f1ana.<br><br>Lithe Audio cuenta con un equipo profesional que tiene m\u00e1s de 50 a\u00f1os de experiencia en el dise\u00f1o y desarrollo de productos de alta calidad. Brindando a nuestros socios productos y servicios profesionales para aumentar los niveles de satisfacci\u00f3n del cliente. En Lithe Audio se esfuerzan por proporcionar a los clientes con ideas nuevas y soluciones innovadoras que garanticen su \u00e9xito, con el objetivo de ofrecer productos de audio con \u00e9nfasis en la calidad del servicio, entrega r\u00e1pida, excelencia t\u00e9cnica y compromiso profesional.<\/p>\n\n\n\n<hr class=\"wp-block-separator\"\/>\n\n\n\n<figure class=\"wp-block-gallery columns-3 is-cropped wp-block-gallery-1 is-layout-flex wp-block-gallery-is-layout-flex\"><ul class=\"blocks-gallery-grid\"><li class=\"blocks-gallery-item\"><figure><img loading=\"lazy\" decoding=\"async\" width=\"1024\" height=\"1024\" src=\"http:\/\/acusticaysonido.net\/ayshome\/wp-content\/uploads\/2020\/05\/Lithe-Audio-Bluetooth-Ceiling-Speaker-Pair-Front-White-Grille-1024x1024.jpg\" alt=\"\" data-id=\"393\" data-link=\"http:\/\/acusticaysonido.net\/ayshome\/index.php\/lithe-audio\/lithe-audio-bluetooth-ceiling-speaker-pair-front-white-grille\/\" class=\"wp-image-393\" srcset=\"http:\/\/acusticaysonido.net\/ayshome\/wp-content\/uploads\/2020\/05\/Lithe-Audio-Bluetooth-Ceiling-Speaker-Pair-Front-White-Grille-1024x1024.jpg 1024w, http:\/\/acusticaysonido.net\/ayshome\/wp-content\/uploads\/2020\/05\/Lithe-Audio-Bluetooth-Ceiling-Speaker-Pair-Front-White-Grille-300x300.jpg 300w, http:\/\/acusticaysonido.net\/ayshome\/wp-content\/uploads\/2020\/05\/Lithe-Audio-Bluetooth-Ceiling-Speaker-Pair-Front-White-Grille-100x100.jpg 100w, http:\/\/acusticaysonido.net\/ayshome\/wp-content\/uploads\/2020\/05\/Lithe-Audio-Bluetooth-Ceiling-Speaker-Pair-Front-White-Grille-600x600.jpg 600w, http:\/\/acusticaysonido.net\/ayshome\/wp-content\/uploads\/2020\/05\/Lithe-Audio-Bluetooth-Ceiling-Speaker-Pair-Front-White-Grille-150x150.jpg 150w, http:\/\/acusticaysonido.net\/ayshome\/wp-content\/uploads\/2020\/05\/Lithe-Audio-Bluetooth-Ceiling-Speaker-Pair-Front-White-Grille-768x768.jpg 768w, http:\/\/acusticaysonido.net\/ayshome\/wp-content\/uploads\/2020\/05\/Lithe-Audio-Bluetooth-Ceiling-Speaker-Pair-Front-White-Grille-1536x1536.jpg 1536w, http:\/\/acusticaysonido.net\/ayshome\/wp-content\/uploads\/2020\/05\/Lithe-Audio-Bluetooth-Ceiling-Speaker-Pair-Front-White-Grille.jpg 2000w\" sizes=\"(max-width: 1024px) 100vw, 1024px\" \/><\/figure><\/li><li class=\"blocks-gallery-item\"><figure><img loading=\"lazy\" decoding=\"async\" width=\"1024\" height=\"1024\" src=\"http:\/\/acusticaysonido.net\/ayshome\/wp-content\/uploads\/2020\/05\/Lithe-Audio-Bluetooth-Ceiling-Speaker-Front-Angle-Colour-Square-1024x1024.jpg\" alt=\"\" data-id=\"394\" data-link=\"http:\/\/acusticaysonido.net\/ayshome\/index.php\/lithe-audio\/lithe-audio-bluetooth-ceiling-speaker-front-angle-colour-square\/\" class=\"wp-image-394\" srcset=\"http:\/\/acusticaysonido.net\/ayshome\/wp-content\/uploads\/2020\/05\/Lithe-Audio-Bluetooth-Ceiling-Speaker-Front-Angle-Colour-Square-1024x1024.jpg 1024w, http:\/\/acusticaysonido.net\/ayshome\/wp-content\/uploads\/2020\/05\/Lithe-Audio-Bluetooth-Ceiling-Speaker-Front-Angle-Colour-Square-300x300.jpg 300w, http:\/\/acusticaysonido.net\/ayshome\/wp-content\/uploads\/2020\/05\/Lithe-Audio-Bluetooth-Ceiling-Speaker-Front-Angle-Colour-Square-100x100.jpg 100w, http:\/\/acusticaysonido.net\/ayshome\/wp-content\/uploads\/2020\/05\/Lithe-Audio-Bluetooth-Ceiling-Speaker-Front-Angle-Colour-Square-600x600.jpg 600w, http:\/\/acusticaysonido.net\/ayshome\/wp-content\/uploads\/2020\/05\/Lithe-Audio-Bluetooth-Ceiling-Speaker-Front-Angle-Colour-Square-150x150.jpg 150w, http:\/\/acusticaysonido.net\/ayshome\/wp-content\/uploads\/2020\/05\/Lithe-Audio-Bluetooth-Ceiling-Speaker-Front-Angle-Colour-Square-768x768.jpg 768w, http:\/\/acusticaysonido.net\/ayshome\/wp-content\/uploads\/2020\/05\/Lithe-Audio-Bluetooth-Ceiling-Speaker-Front-Angle-Colour-Square-1536x1536.jpg 1536w, http:\/\/acusticaysonido.net\/ayshome\/wp-content\/uploads\/2020\/05\/Lithe-Audio-Bluetooth-Ceiling-Speaker-Front-Angle-Colour-Square.jpg 2000w\" sizes=\"(max-width: 1024px) 100vw, 1024px\" \/><\/figure><\/li><li class=\"blocks-gallery-item\"><figure><img loading=\"lazy\" decoding=\"async\" width=\"1024\" height=\"1024\" src=\"http:\/\/acusticaysonido.net\/ayshome\/wp-content\/uploads\/2020\/05\/Lithe-Audio-Bluetooth-Ceiling-Speaker-BACK-1-1024x1024.jpg\" alt=\"\" data-id=\"396\" data-full-url=\"http:\/\/acusticaysonido.net\/ayshome\/wp-content\/uploads\/2020\/05\/Lithe-Audio-Bluetooth-Ceiling-Speaker-BACK-1-scaled.jpg\" data-link=\"http:\/\/acusticaysonido.net\/ayshome\/index.php\/lithe-audio\/lithe-audio-bluetooth-ceiling-speaker-back-1\/\" class=\"wp-image-396\" srcset=\"http:\/\/acusticaysonido.net\/ayshome\/wp-content\/uploads\/2020\/05\/Lithe-Audio-Bluetooth-Ceiling-Speaker-BACK-1-1024x1024.jpg 1024w, http:\/\/acusticaysonido.net\/ayshome\/wp-content\/uploads\/2020\/05\/Lithe-Audio-Bluetooth-Ceiling-Speaker-BACK-1-300x300.jpg 300w, http:\/\/acusticaysonido.net\/ayshome\/wp-content\/uploads\/2020\/05\/Lithe-Audio-Bluetooth-Ceiling-Speaker-BACK-1-scaled-100x100.jpg 100w, http:\/\/acusticaysonido.net\/ayshome\/wp-content\/uploads\/2020\/05\/Lithe-Audio-Bluetooth-Ceiling-Speaker-BACK-1-scaled-600x600.jpg 600w, http:\/\/acusticaysonido.net\/ayshome\/wp-content\/uploads\/2020\/05\/Lithe-Audio-Bluetooth-Ceiling-Speaker-BACK-1-150x150.jpg 150w, http:\/\/acusticaysonido.net\/ayshome\/wp-content\/uploads\/2020\/05\/Lithe-Audio-Bluetooth-Ceiling-Speaker-BACK-1-768x768.jpg 768w, http:\/\/acusticaysonido.net\/ayshome\/wp-content\/uploads\/2020\/05\/Lithe-Audio-Bluetooth-Ceiling-Speaker-BACK-1-1536x1536.jpg 1536w, http:\/\/acusticaysonido.net\/ayshome\/wp-content\/uploads\/2020\/05\/Lithe-Audio-Bluetooth-Ceiling-Speaker-BACK-1-2048x2048.jpg 2048w\" sizes=\"(max-width: 1024px) 100vw, 1024px\" \/><\/figure><\/li><\/ul><\/figure>\n","protected":false},"excerpt":{"rendered":"<p>Visitar p\u00e1gina web de Lithe Audio Lithe Audio Limited es una compa\u00f1\u00eda de audio din\u00e1mica y progresista con sede en el Reino Unido que se especializa en tecnolog\u00edas de audio inal\u00e1mbricas para los sectores residencial y hotelero. Ofrece una amplia gama de altavoces de techo activos con innovaci\u00f3n en el n\u00facleo de cada uno. Especialistas [&hellip;]<\/p>\n","protected":false},"author":1,"featured_media":0,"parent":0,"menu_order":0,"comment_status":"closed","ping_status":"closed","template":"","meta":{"footnotes":""},"_links":{"self":[{"href":"http:\/\/acusticaysonido.net\/ayshome\/index.php\/wp-json\/wp\/v2\/pages\/197"}],"collection":[{"href":"http:\/\/acusticaysonido.net\/ayshome\/index.php\/wp-json\/wp\/v2\/pages"}],"about":[{"href":"http:\/\/acusticaysonido.net\/ayshome\/index.php\/wp-json\/wp\/v2\/types\/page"}],"author":[{"embeddable":true,"href":"http:\/\/acusticaysonido.net\/ayshome\/index.php\/wp-json\/wp\/v2\/users\/1"}],"replies":[{"embeddable":true,"href":"http:\/\/acusticaysonido.net\/ayshome\/index.php\/wp-json\/wp\/v2\/comments?post=197"}],"version-history":[{"count":7,"href":"http:\/\/acusticaysonido.net\/ayshome\/index.php\/wp-json\/wp\/v2\/pages\/197\/revisions"}],"predecessor-version":[{"id":934,"href":"http:\/\/acusticaysonido.net\/ayshome\/index.php\/wp-json\/wp\/v2\/pages\/197\/revisions\/934"}],"wp:attachment":[{"href":"http:\/\/acusticaysonido.net\/ayshome\/index.php\/wp-json\/wp\/v2\/media?parent=197"}],"curies":[{"name":"wp","href":"https:\/\/api.w.org\/{rel}","templated":true}]}}