{"id":195,"date":"2020-05-08T10:46:41","date_gmt":"2020-05-08T16:46:41","guid":{"rendered":"http:\/\/acusticaysonido.net\/ayshome\/?page_id=195"},"modified":"2020-05-20T15:45:45","modified_gmt":"2020-05-20T21:45:45","slug":"ice-cable","status":"publish","type":"page","link":"http:\/\/acusticaysonido.net\/ayshome\/index.php\/ice-cable\/","title":{"rendered":"ICE Cable"},"content":{"rendered":"\n<figure class=\"wp-block-image size-large is-resized\"><a href=\"https:\/\/www.icecable.com\/\" target=\"_blank\" rel=\"noopener noreferrer\"><img loading=\"lazy\" decoding=\"async\" src=\"http:\/\/acusticaysonido.net\/ayshome\/wp-content\/uploads\/2020\/05\/ICE-Cable-logo.png\" alt=\"\" class=\"wp-image-346\" width=\"133\" height=\"66\" srcset=\"http:\/\/acusticaysonido.net\/ayshome\/wp-content\/uploads\/2020\/05\/ICE-Cable-logo.png 529w, http:\/\/acusticaysonido.net\/ayshome\/wp-content\/uploads\/2020\/05\/ICE-Cable-logo-300x148.png 300w\" sizes=\"(max-width: 133px) 100vw, 133px\" \/><\/a><\/figure>\n\n\n\n<hr class=\"wp-block-separator\"\/>\n\n\n\n<p><a href=\"https:\/\/www.icecable.com\/\" target=\"_blank\" rel=\"noreferrer noopener\"><span class=\"has-inline-color has-vivid-cyan-blue-color\">Visitar p\u00e1gina web de ICE Cable<\/span><\/a><\/p>\n\n\n\n<hr class=\"wp-block-separator\"\/>\n\n\n\n<p>ICE Cable ha reinventado todos los aspectos del cable para ahorrarle tiempo, aumentar el rendimiento y mejorar la seguridad. Experimentar\u00e1 instalaciones m\u00e1s sencillas, respaldadas por una compa\u00f1\u00eda que se enfoca en hacerlo de la manera correcta. Y lo hace sin comprometer la calidad del cable. El resultado es m\u00e1s que solo cable. Es el futuro del cable.<br><br>No hay atajos. El punto de partida es que todo lo que ICE Cable construye, est\u00e1 hecho con todas las especificaciones. Esto significa, por ejemplo, que su Cat6a tiene todo el cobre que se supone que debe tener, lo que garantiza que obtenga el rendimiento que espera la electr\u00f3nica de hoy. Tambi\u00e9n est\u00e1 construido con el aislamiento adecuado y los con compuestos de la cubierta para garantizar la protecci\u00f3n contra llamas y humo. Esto es raro en el mercado actual, pero la estricta adherencia a los est\u00e1ndares y especificaciones de ICE Cable da como resultado cables que son m\u00e1s seguros y funcionan mejor que la competencia.<br><br>Resulta que hay muchas maneras de mejorar el cable en s\u00ed para hacerlo m\u00e1s r\u00e1pido y m\u00e1s eficiente de instalar. \u00bfC\u00f3mo lo hicimos? Coberturas mojadas y pulidas que se tiran m\u00e1s f\u00e1cilmente, EZ Strip Tissue que se pela m\u00e1s f\u00e1cilmente y una gran cantidad de otras caracter\u00edsticas que ahorran tiempo, todo integrado en el cable. Esto suaviza los bordes \u00e1speros en el proceso de instalaci\u00f3n. Juntos, le brindan una experiencia de instalaci\u00f3n excepcional.<br><br>Reduzca sus costos, no su calidad. La mejor parte de ICE es que el cliente pueda obtener un cable premium por el mismo dinero que los competidores de la &#8220;caja marr\u00f3n&#8221;, y a veces incluso menos. No elija entre calidad o precio. Consiga ambos.<\/p>\n\n\n\n<hr class=\"wp-block-separator\"\/>\n\n\n\n<figure class=\"wp-block-gallery columns-3 is-cropped wp-block-gallery-1 is-layout-flex wp-block-gallery-is-layout-flex\"><ul class=\"blocks-gallery-grid\"><li class=\"blocks-gallery-item\"><figure><img loading=\"lazy\" decoding=\"async\" width=\"500\" height=\"500\" src=\"http:\/\/acusticaysonido.net\/ayshome\/wp-content\/uploads\/2020\/05\/12-2_FX.png\" alt=\"\" data-id=\"531\" data-link=\"http:\/\/acusticaysonido.net\/ayshome\/index.php\/ice-cable\/12-2_fx\/\" class=\"wp-image-531\" srcset=\"http:\/\/acusticaysonido.net\/ayshome\/wp-content\/uploads\/2020\/05\/12-2_FX.png 500w, http:\/\/acusticaysonido.net\/ayshome\/wp-content\/uploads\/2020\/05\/12-2_FX-300x300.png 300w, http:\/\/acusticaysonido.net\/ayshome\/wp-content\/uploads\/2020\/05\/12-2_FX-100x100.png 100w, http:\/\/acusticaysonido.net\/ayshome\/wp-content\/uploads\/2020\/05\/12-2_FX-150x150.png 150w\" sizes=\"(max-width: 500px) 100vw, 500px\" \/><\/figure><\/li><li class=\"blocks-gallery-item\"><figure><img loading=\"lazy\" decoding=\"async\" width=\"500\" height=\"500\" src=\"http:\/\/acusticaysonido.net\/ayshome\/wp-content\/uploads\/2020\/05\/14-4_Plenum.png\" alt=\"\" data-id=\"532\" data-link=\"http:\/\/acusticaysonido.net\/ayshome\/index.php\/ice-cable\/14-4_plenum\/\" class=\"wp-image-532\" srcset=\"http:\/\/acusticaysonido.net\/ayshome\/wp-content\/uploads\/2020\/05\/14-4_Plenum.png 500w, http:\/\/acusticaysonido.net\/ayshome\/wp-content\/uploads\/2020\/05\/14-4_Plenum-300x300.png 300w, http:\/\/acusticaysonido.net\/ayshome\/wp-content\/uploads\/2020\/05\/14-4_Plenum-100x100.png 100w, http:\/\/acusticaysonido.net\/ayshome\/wp-content\/uploads\/2020\/05\/14-4_Plenum-150x150.png 150w\" sizes=\"(max-width: 500px) 100vw, 500px\" \/><\/figure><\/li><li class=\"blocks-gallery-item\"><figure><img loading=\"lazy\" decoding=\"async\" width=\"500\" height=\"500\" src=\"http:\/\/acusticaysonido.net\/ayshome\/wp-content\/uploads\/2020\/05\/14-5.png\" alt=\"\" data-id=\"533\" data-link=\"http:\/\/acusticaysonido.net\/ayshome\/index.php\/ice-cable\/14-5\/\" class=\"wp-image-533\" srcset=\"http:\/\/acusticaysonido.net\/ayshome\/wp-content\/uploads\/2020\/05\/14-5.png 500w, http:\/\/acusticaysonido.net\/ayshome\/wp-content\/uploads\/2020\/05\/14-5-300x300.png 300w, http:\/\/acusticaysonido.net\/ayshome\/wp-content\/uploads\/2020\/05\/14-5-100x100.png 100w, http:\/\/acusticaysonido.net\/ayshome\/wp-content\/uploads\/2020\/05\/14-5-150x150.png 150w\" sizes=\"(max-width: 500px) 100vw, 500px\" \/><\/figure><\/li><li class=\"blocks-gallery-item\"><figure><img loading=\"lazy\" decoding=\"async\" width=\"500\" height=\"500\" src=\"http:\/\/acusticaysonido.net\/ayshome\/wp-content\/uploads\/2020\/05\/16-4_Cat_6.png\" alt=\"\" data-id=\"534\" data-link=\"http:\/\/acusticaysonido.net\/ayshome\/index.php\/ice-cable\/16-4_cat_6\/\" class=\"wp-image-534\" srcset=\"http:\/\/acusticaysonido.net\/ayshome\/wp-content\/uploads\/2020\/05\/16-4_Cat_6.png 500w, http:\/\/acusticaysonido.net\/ayshome\/wp-content\/uploads\/2020\/05\/16-4_Cat_6-300x300.png 300w, http:\/\/acusticaysonido.net\/ayshome\/wp-content\/uploads\/2020\/05\/16-4_Cat_6-100x100.png 100w, http:\/\/acusticaysonido.net\/ayshome\/wp-content\/uploads\/2020\/05\/16-4_Cat_6-150x150.png 150w\" sizes=\"(max-width: 500px) 100vw, 500px\" \/><\/figure><\/li><li class=\"blocks-gallery-item\"><figure><img loading=\"lazy\" decoding=\"async\" width=\"500\" height=\"500\" src=\"http:\/\/acusticaysonido.net\/ayshome\/wp-content\/uploads\/2020\/05\/12-4FX.png\" alt=\"\" data-id=\"535\" data-link=\"http:\/\/acusticaysonido.net\/ayshome\/index.php\/ice-cable\/12-4fx\/\" class=\"wp-image-535\" srcset=\"http:\/\/acusticaysonido.net\/ayshome\/wp-content\/uploads\/2020\/05\/12-4FX.png 500w, http:\/\/acusticaysonido.net\/ayshome\/wp-content\/uploads\/2020\/05\/12-4FX-300x300.png 300w, http:\/\/acusticaysonido.net\/ayshome\/wp-content\/uploads\/2020\/05\/12-4FX-100x100.png 100w, http:\/\/acusticaysonido.net\/ayshome\/wp-content\/uploads\/2020\/05\/12-4FX-150x150.png 150w\" sizes=\"(max-width: 500px) 100vw, 500px\" \/><\/figure><\/li><li class=\"blocks-gallery-item\"><figure><img loading=\"lazy\" decoding=\"async\" width=\"600\" height=\"600\" src=\"http:\/\/acusticaysonido.net\/ayshome\/wp-content\/uploads\/2020\/05\/ice_0004_16-4_FX_White.png\" alt=\"\" data-id=\"536\" data-link=\"http:\/\/acusticaysonido.net\/ayshome\/index.php\/ice-cable\/ice_0004_16-4_fx_white\/\" class=\"wp-image-536\" srcset=\"http:\/\/acusticaysonido.net\/ayshome\/wp-content\/uploads\/2020\/05\/ice_0004_16-4_FX_White.png 600w, http:\/\/acusticaysonido.net\/ayshome\/wp-content\/uploads\/2020\/05\/ice_0004_16-4_FX_White-300x300.png 300w, http:\/\/acusticaysonido.net\/ayshome\/wp-content\/uploads\/2020\/05\/ice_0004_16-4_FX_White-100x100.png 100w, http:\/\/acusticaysonido.net\/ayshome\/wp-content\/uploads\/2020\/05\/ice_0004_16-4_FX_White-150x150.png 150w\" sizes=\"(max-width: 600px) 100vw, 600px\" \/><\/figure><\/li><li class=\"blocks-gallery-item\"><figure><img loading=\"lazy\" decoding=\"async\" width=\"1024\" height=\"316\" src=\"http:\/\/acusticaysonido.net\/ayshome\/wp-content\/uploads\/2020\/05\/one-stop-shop-1024x316.jpg\" alt=\"\" data-id=\"537\" data-full-url=\"http:\/\/acusticaysonido.net\/ayshome\/wp-content\/uploads\/2020\/05\/one-stop-shop.jpg\" data-link=\"http:\/\/acusticaysonido.net\/ayshome\/index.php\/ice-cable\/one-stop-shop\/\" class=\"wp-image-537\" srcset=\"http:\/\/acusticaysonido.net\/ayshome\/wp-content\/uploads\/2020\/05\/one-stop-shop-1024x316.jpg 1024w, http:\/\/acusticaysonido.net\/ayshome\/wp-content\/uploads\/2020\/05\/one-stop-shop-600x185.jpg 600w, http:\/\/acusticaysonido.net\/ayshome\/wp-content\/uploads\/2020\/05\/one-stop-shop-300x93.jpg 300w, http:\/\/acusticaysonido.net\/ayshome\/wp-content\/uploads\/2020\/05\/one-stop-shop-768x237.jpg 768w, http:\/\/acusticaysonido.net\/ayshome\/wp-content\/uploads\/2020\/05\/one-stop-shop.jpg 1440w\" sizes=\"(max-width: 1024px) 100vw, 1024px\" \/><\/figure><\/li><\/ul><\/figure>\n\n\n\n<p><\/p>\n","protected":false},"excerpt":{"rendered":"<p>Visitar p\u00e1gina web de ICE Cable ICE Cable ha reinventado todos los aspectos del cable para ahorrarle tiempo, aumentar el rendimiento y mejorar la seguridad. Experimentar\u00e1 instalaciones m\u00e1s sencillas, respaldadas por una compa\u00f1\u00eda que se enfoca en hacerlo de la manera correcta. Y lo hace sin comprometer la calidad del cable. El resultado es m\u00e1s [&hellip;]<\/p>\n","protected":false},"author":1,"featured_media":0,"parent":0,"menu_order":0,"comment_status":"closed","ping_status":"closed","template":"","meta":{"footnotes":""},"_links":{"self":[{"href":"http:\/\/acusticaysonido.net\/ayshome\/index.php\/wp-json\/wp\/v2\/pages\/195"}],"collection":[{"href":"http:\/\/acusticaysonido.net\/ayshome\/index.php\/wp-json\/wp\/v2\/pages"}],"about":[{"href":"http:\/\/acusticaysonido.net\/ayshome\/index.php\/wp-json\/wp\/v2\/types\/page"}],"author":[{"embeddable":true,"href":"http:\/\/acusticaysonido.net\/ayshome\/index.php\/wp-json\/wp\/v2\/users\/1"}],"replies":[{"embeddable":true,"href":"http:\/\/acusticaysonido.net\/ayshome\/index.php\/wp-json\/wp\/v2\/comments?post=195"}],"version-history":[{"count":10,"href":"http:\/\/acusticaysonido.net\/ayshome\/index.php\/wp-json\/wp\/v2\/pages\/195\/revisions"}],"predecessor-version":[{"id":933,"href":"http:\/\/acusticaysonido.net\/ayshome\/index.php\/wp-json\/wp\/v2\/pages\/195\/revisions\/933"}],"wp:attachment":[{"href":"http:\/\/acusticaysonido.net\/ayshome\/index.php\/wp-json\/wp\/v2\/media?parent=195"}],"curies":[{"name":"wp","href":"https:\/\/api.w.org\/{rel}","templated":true}]}}