{"id":193,"date":"2020-05-08T10:46:41","date_gmt":"2020-05-08T16:46:41","guid":{"rendered":"http:\/\/acusticaysonido.net\/ayshome\/?page_id=193"},"modified":"2020-05-20T15:50:12","modified_gmt":"2020-05-20T21:50:12","slug":"rcf-italy","status":"publish","type":"page","link":"http:\/\/acusticaysonido.net\/ayshome\/index.php\/rcf-italy\/","title":{"rendered":"RCF"},"content":{"rendered":"\n<figure class=\"wp-block-image size-large is-resized\"><a href=\"https:\/\/www.rcf.it\/\" target=\"_blank\" rel=\"noopener noreferrer\"><img loading=\"lazy\" decoding=\"async\" src=\"http:\/\/acusticaysonido.net\/ayshome\/wp-content\/uploads\/2020\/05\/rcf_logo.jpg\" alt=\"\" class=\"wp-image-313\" width=\"101\" height=\"101\" srcset=\"http:\/\/acusticaysonido.net\/ayshome\/wp-content\/uploads\/2020\/05\/rcf_logo.jpg 1022w, http:\/\/acusticaysonido.net\/ayshome\/wp-content\/uploads\/2020\/05\/rcf_logo-300x300.jpg 300w, http:\/\/acusticaysonido.net\/ayshome\/wp-content\/uploads\/2020\/05\/rcf_logo-100x100.jpg 100w, http:\/\/acusticaysonido.net\/ayshome\/wp-content\/uploads\/2020\/05\/rcf_logo-600x600.jpg 600w, http:\/\/acusticaysonido.net\/ayshome\/wp-content\/uploads\/2020\/05\/rcf_logo-150x150.jpg 150w, http:\/\/acusticaysonido.net\/ayshome\/wp-content\/uploads\/2020\/05\/rcf_logo-768x768.jpg 768w\" sizes=\"(max-width: 101px) 100vw, 101px\" \/><\/a><\/figure>\n\n\n\n<hr class=\"wp-block-separator\"\/>\n\n\n\n<p><a href=\"https:\/\/www.rcf.it\/\" target=\"_blank\" rel=\"noreferrer noopener\"><span class=\"has-inline-color has-vivid-cyan-blue-color\">Visitar p\u00e1gina web de RCF<\/span><\/a><\/p>\n\n\n\n<hr class=\"wp-block-separator\"\/>\n\n\n\n<p>RCF comenz\u00f3 a producir transductores en 1949:<br><br>Los primeros productos vendidos fueron micr\u00f3fonos y altavoces. A finales de los a\u00f1os 60, el sonido de conciertos se estaba volviendo el\u00e9ctrico, y muchos de los pioneros en altavoces estaban buscando dispositivos de alta potencia para usar en sus dise\u00f1os. RCF fue uno de los primeros proveedores OEM europeos para marcas internacionales, gracias a la experiencia de la compa\u00f1\u00eda adquirida en la construcci\u00f3n de transductores de alta potencia. El conocimiento profundo en transductores y electr\u00f3nica proporcion\u00f3 la cultura tecnol\u00f3gica perfecta para permitir que RCF desarrolle sistemas completos de audio profesional, llevando a la compa\u00f1\u00eda a una posici\u00f3n de liderazgo en m\u00faltiples mercados de audio a lo largo de los a\u00f1os. Desde alta fidelidad hasta megafon\u00eda, altavoces port\u00e1tiles y grandes sistemas para conciertos.<br><br>Todos los productos y componentes est\u00e1n concebidos y desarrollados internamente, para maximizar los resultados finales. El extenso cat\u00e1logo cubre todos los aspectos de la cadena de audio y satisface las necesidades de m\u00fasicos, ingenieros de sonido, arquitectos e integradores de sistemas. Cualquiera que sea su requisito de audio, RCF tiene la soluci\u00f3n correcta.<br><br>El proceso de dise\u00f1o en RCF es un concepto en evoluci\u00f3n. El equipo de ingenier\u00eda tiene un enfoque integral para el dise\u00f1o de productos, lo que permite a la empresa mantenerse a la vanguardia de la tecnolog\u00eda y los materiales. Las modernas instalaciones de fabricaci\u00f3n en Italia siguen la misma idea. Todos los componentes se refinan din\u00e1micamente y el control total del proceso de fabricaci\u00f3n proporciona el entorno perfecto para aumentar la calidad y la fiabilidad r\u00e1pidamente. Desde la bobina de voz del transductor hasta el software de administraci\u00f3n, cada componente est\u00e1 dise\u00f1ado y constantemente mejorado internamente en un flujo de trabajo inteligente totalmente completo.<br><br>El s\u00f3lido know-how, la acumulaci\u00f3n de casi 70 a\u00f1os de operaciones, las modernas instalaciones de fabricaci\u00f3n y la mejora tecnol\u00f3gica continua hacen de RCF una referencia fundamental para todos los profesionales y entusiastas del audio. El equipo interno de ingenier\u00eda tiene un conocimiento profundo y una amplia experiencia para apoyar a arquitectos, dise\u00f1adores de sistemas e integradores durante el proceso de dise\u00f1o y personalizaci\u00f3n de sistemas complejos, desde instalaciones para entretenimiento hasta aplicaciones de seguridad.<\/p>\n\n\n\n<hr class=\"wp-block-separator\"\/>\n\n\n\n<figure class=\"wp-block-gallery columns-3 is-cropped wp-block-gallery-1 is-layout-flex wp-block-gallery-is-layout-flex\"><ul class=\"blocks-gallery-grid\"><li class=\"blocks-gallery-item\"><figure><img loading=\"lazy\" decoding=\"async\" width=\"768\" height=\"768\" src=\"http:\/\/acusticaysonido.net\/ayshome\/wp-content\/uploads\/2020\/05\/000_TTL6-A-LEFT_gallery.png\" alt=\"\" data-id=\"354\" data-link=\"http:\/\/acusticaysonido.net\/ayshome\/index.php\/rcf-2\/000_ttl6-a-left_gallery\/\" class=\"wp-image-354\" srcset=\"http:\/\/acusticaysonido.net\/ayshome\/wp-content\/uploads\/2020\/05\/000_TTL6-A-LEFT_gallery.png 768w, http:\/\/acusticaysonido.net\/ayshome\/wp-content\/uploads\/2020\/05\/000_TTL6-A-LEFT_gallery-300x300.png 300w, http:\/\/acusticaysonido.net\/ayshome\/wp-content\/uploads\/2020\/05\/000_TTL6-A-LEFT_gallery-100x100.png 100w, http:\/\/acusticaysonido.net\/ayshome\/wp-content\/uploads\/2020\/05\/000_TTL6-A-LEFT_gallery-600x600.png 600w, http:\/\/acusticaysonido.net\/ayshome\/wp-content\/uploads\/2020\/05\/000_TTL6-A-LEFT_gallery-150x150.png 150w\" sizes=\"(max-width: 768px) 100vw, 768px\" \/><\/figure><\/li><li class=\"blocks-gallery-item\"><figure><img loading=\"lazy\" decoding=\"async\" width=\"768\" height=\"768\" src=\"http:\/\/acusticaysonido.net\/ayshome\/wp-content\/uploads\/2020\/05\/000_TTL33-A-left_gallery.png\" alt=\"\" data-id=\"355\" data-link=\"http:\/\/acusticaysonido.net\/ayshome\/index.php\/rcf-2\/000_ttl33-a-left_gallery\/\" class=\"wp-image-355\" srcset=\"http:\/\/acusticaysonido.net\/ayshome\/wp-content\/uploads\/2020\/05\/000_TTL33-A-left_gallery.png 768w, http:\/\/acusticaysonido.net\/ayshome\/wp-content\/uploads\/2020\/05\/000_TTL33-A-left_gallery-300x300.png 300w, http:\/\/acusticaysonido.net\/ayshome\/wp-content\/uploads\/2020\/05\/000_TTL33-A-left_gallery-100x100.png 100w, http:\/\/acusticaysonido.net\/ayshome\/wp-content\/uploads\/2020\/05\/000_TTL33-A-left_gallery-600x600.png 600w, http:\/\/acusticaysonido.net\/ayshome\/wp-content\/uploads\/2020\/05\/000_TTL33-A-left_gallery-150x150.png 150w\" sizes=\"(max-width: 768px) 100vw, 768px\" \/><\/figure><\/li><li class=\"blocks-gallery-item\"><figure><img loading=\"lazy\" decoding=\"async\" width=\"768\" height=\"768\" src=\"http:\/\/acusticaysonido.net\/ayshome\/wp-content\/uploads\/2020\/05\/000_TTS-18-A-II-left_gallery.png\" alt=\"\" data-id=\"356\" data-link=\"http:\/\/acusticaysonido.net\/ayshome\/index.php\/rcf-2\/000_tts-18-a-ii-left_gallery\/\" class=\"wp-image-356\" srcset=\"http:\/\/acusticaysonido.net\/ayshome\/wp-content\/uploads\/2020\/05\/000_TTS-18-A-II-left_gallery.png 768w, http:\/\/acusticaysonido.net\/ayshome\/wp-content\/uploads\/2020\/05\/000_TTS-18-A-II-left_gallery-300x300.png 300w, http:\/\/acusticaysonido.net\/ayshome\/wp-content\/uploads\/2020\/05\/000_TTS-18-A-II-left_gallery-100x100.png 100w, http:\/\/acusticaysonido.net\/ayshome\/wp-content\/uploads\/2020\/05\/000_TTS-18-A-II-left_gallery-600x600.png 600w, http:\/\/acusticaysonido.net\/ayshome\/wp-content\/uploads\/2020\/05\/000_TTS-18-A-II-left_gallery-150x150.png 150w\" sizes=\"(max-width: 768px) 100vw, 768px\" \/><\/figure><\/li><li class=\"blocks-gallery-item\"><figure><img loading=\"lazy\" decoding=\"async\" width=\"768\" height=\"768\" src=\"http:\/\/acusticaysonido.net\/ayshome\/wp-content\/uploads\/2020\/05\/000_UP-8504-ok_gallery.png\" alt=\"\" data-id=\"357\" data-link=\"http:\/\/acusticaysonido.net\/ayshome\/index.php\/rcf-2\/000_up-8504-ok_gallery\/\" class=\"wp-image-357\" srcset=\"http:\/\/acusticaysonido.net\/ayshome\/wp-content\/uploads\/2020\/05\/000_UP-8504-ok_gallery.png 768w, http:\/\/acusticaysonido.net\/ayshome\/wp-content\/uploads\/2020\/05\/000_UP-8504-ok_gallery-300x300.png 300w, http:\/\/acusticaysonido.net\/ayshome\/wp-content\/uploads\/2020\/05\/000_UP-8504-ok_gallery-100x100.png 100w, http:\/\/acusticaysonido.net\/ayshome\/wp-content\/uploads\/2020\/05\/000_UP-8504-ok_gallery-600x600.png 600w, http:\/\/acusticaysonido.net\/ayshome\/wp-content\/uploads\/2020\/05\/000_UP-8504-ok_gallery-150x150.png 150w\" sizes=\"(max-width: 768px) 100vw, 768px\" \/><\/figure><\/li><li class=\"blocks-gallery-item\"><figure><img loading=\"lazy\" decoding=\"async\" width=\"768\" height=\"768\" src=\"http:\/\/acusticaysonido.net\/ayshome\/wp-content\/uploads\/2020\/05\/000_MU-9186_2014_gallery.png\" alt=\"\" data-id=\"358\" data-link=\"http:\/\/acusticaysonido.net\/ayshome\/index.php\/rcf-2\/000_mu-9186_2014_gallery\/\" class=\"wp-image-358\" srcset=\"http:\/\/acusticaysonido.net\/ayshome\/wp-content\/uploads\/2020\/05\/000_MU-9186_2014_gallery.png 768w, http:\/\/acusticaysonido.net\/ayshome\/wp-content\/uploads\/2020\/05\/000_MU-9186_2014_gallery-300x300.png 300w, http:\/\/acusticaysonido.net\/ayshome\/wp-content\/uploads\/2020\/05\/000_MU-9186_2014_gallery-100x100.png 100w, http:\/\/acusticaysonido.net\/ayshome\/wp-content\/uploads\/2020\/05\/000_MU-9186_2014_gallery-600x600.png 600w, http:\/\/acusticaysonido.net\/ayshome\/wp-content\/uploads\/2020\/05\/000_MU-9186_2014_gallery-150x150.png 150w\" sizes=\"(max-width: 768px) 100vw, 768px\" \/><\/figure><\/li><li class=\"blocks-gallery-item\"><figure><img loading=\"lazy\" decoding=\"async\" width=\"768\" height=\"768\" src=\"http:\/\/acusticaysonido.net\/ayshome\/wp-content\/uploads\/2020\/05\/000_DX1616-LEFT_gallery.png\" alt=\"\" data-id=\"359\" data-link=\"http:\/\/acusticaysonido.net\/ayshome\/index.php\/rcf-2\/000_dx1616-left_gallery\/\" class=\"wp-image-359\" srcset=\"http:\/\/acusticaysonido.net\/ayshome\/wp-content\/uploads\/2020\/05\/000_DX1616-LEFT_gallery.png 768w, http:\/\/acusticaysonido.net\/ayshome\/wp-content\/uploads\/2020\/05\/000_DX1616-LEFT_gallery-300x300.png 300w, http:\/\/acusticaysonido.net\/ayshome\/wp-content\/uploads\/2020\/05\/000_DX1616-LEFT_gallery-100x100.png 100w, http:\/\/acusticaysonido.net\/ayshome\/wp-content\/uploads\/2020\/05\/000_DX1616-LEFT_gallery-600x600.png 600w, http:\/\/acusticaysonido.net\/ayshome\/wp-content\/uploads\/2020\/05\/000_DX1616-LEFT_gallery-150x150.png 150w\" sizes=\"(max-width: 768px) 100vw, 768px\" \/><\/figure><\/li><li class=\"blocks-gallery-item\"><figure><img loading=\"lazy\" decoding=\"async\" width=\"768\" height=\"768\" src=\"http:\/\/acusticaysonido.net\/ayshome\/wp-content\/uploads\/2020\/05\/000_BM-9804_gallery.png\" alt=\"\" data-id=\"360\" data-link=\"http:\/\/acusticaysonido.net\/ayshome\/index.php\/rcf-2\/000_bm-9804_gallery\/\" class=\"wp-image-360\" srcset=\"http:\/\/acusticaysonido.net\/ayshome\/wp-content\/uploads\/2020\/05\/000_BM-9804_gallery.png 768w, http:\/\/acusticaysonido.net\/ayshome\/wp-content\/uploads\/2020\/05\/000_BM-9804_gallery-300x300.png 300w, http:\/\/acusticaysonido.net\/ayshome\/wp-content\/uploads\/2020\/05\/000_BM-9804_gallery-100x100.png 100w, http:\/\/acusticaysonido.net\/ayshome\/wp-content\/uploads\/2020\/05\/000_BM-9804_gallery-600x600.png 600w, http:\/\/acusticaysonido.net\/ayshome\/wp-content\/uploads\/2020\/05\/000_BM-9804_gallery-150x150.png 150w\" sizes=\"(max-width: 768px) 100vw, 768px\" \/><\/figure><\/li><li class=\"blocks-gallery-item\"><figure><img loading=\"lazy\" decoding=\"async\" width=\"768\" height=\"768\" src=\"http:\/\/acusticaysonido.net\/ayshome\/wp-content\/uploads\/2020\/05\/000_RDNet-left_gallery.png\" alt=\"\" data-id=\"362\" data-link=\"http:\/\/acusticaysonido.net\/ayshome\/index.php\/rcf-2\/000_rdnet-left_gallery\/\" class=\"wp-image-362\" srcset=\"http:\/\/acusticaysonido.net\/ayshome\/wp-content\/uploads\/2020\/05\/000_RDNet-left_gallery.png 768w, http:\/\/acusticaysonido.net\/ayshome\/wp-content\/uploads\/2020\/05\/000_RDNet-left_gallery-300x300.png 300w, http:\/\/acusticaysonido.net\/ayshome\/wp-content\/uploads\/2020\/05\/000_RDNet-left_gallery-100x100.png 100w, http:\/\/acusticaysonido.net\/ayshome\/wp-content\/uploads\/2020\/05\/000_RDNet-left_gallery-600x600.png 600w, http:\/\/acusticaysonido.net\/ayshome\/wp-content\/uploads\/2020\/05\/000_RDNet-left_gallery-150x150.png 150w\" sizes=\"(max-width: 768px) 100vw, 768px\" \/><\/figure><\/li><li class=\"blocks-gallery-item\"><figure><img loading=\"lazy\" decoding=\"async\" width=\"768\" height=\"768\" src=\"http:\/\/acusticaysonido.net\/ayshome\/wp-content\/uploads\/2020\/05\/000_Mytho-8-3_4left_gallery.png\" alt=\"\" data-id=\"363\" data-full-url=\"http:\/\/acusticaysonido.net\/ayshome\/wp-content\/uploads\/2020\/05\/000_Mytho-8-3_4left_gallery.png\" data-link=\"http:\/\/acusticaysonido.net\/ayshome\/index.php\/rcf-2\/000_mytho-8-3_4left_gallery\/\" class=\"wp-image-363\" srcset=\"http:\/\/acusticaysonido.net\/ayshome\/wp-content\/uploads\/2020\/05\/000_Mytho-8-3_4left_gallery.png 768w, http:\/\/acusticaysonido.net\/ayshome\/wp-content\/uploads\/2020\/05\/000_Mytho-8-3_4left_gallery-300x300.png 300w, http:\/\/acusticaysonido.net\/ayshome\/wp-content\/uploads\/2020\/05\/000_Mytho-8-3_4left_gallery-100x100.png 100w, http:\/\/acusticaysonido.net\/ayshome\/wp-content\/uploads\/2020\/05\/000_Mytho-8-3_4left_gallery-600x600.png 600w, http:\/\/acusticaysonido.net\/ayshome\/wp-content\/uploads\/2020\/05\/000_Mytho-8-3_4left_gallery-150x150.png 150w\" sizes=\"(max-width: 768px) 100vw, 768px\" \/><\/figure><\/li><\/ul><\/figure>\n","protected":false},"excerpt":{"rendered":"<p>Visitar p\u00e1gina web de RCF RCF comenz\u00f3 a producir transductores en 1949: Los primeros productos vendidos fueron micr\u00f3fonos y altavoces. A finales de los a\u00f1os 60, el sonido de conciertos se estaba volviendo el\u00e9ctrico, y muchos de los pioneros en altavoces estaban buscando dispositivos de alta potencia para usar en sus dise\u00f1os. RCF fue uno [&hellip;]<\/p>\n","protected":false},"author":1,"featured_media":0,"parent":0,"menu_order":0,"comment_status":"closed","ping_status":"closed","template":"","meta":{"footnotes":""},"_links":{"self":[{"href":"http:\/\/acusticaysonido.net\/ayshome\/index.php\/wp-json\/wp\/v2\/pages\/193"}],"collection":[{"href":"http:\/\/acusticaysonido.net\/ayshome\/index.php\/wp-json\/wp\/v2\/pages"}],"about":[{"href":"http:\/\/acusticaysonido.net\/ayshome\/index.php\/wp-json\/wp\/v2\/types\/page"}],"author":[{"embeddable":true,"href":"http:\/\/acusticaysonido.net\/ayshome\/index.php\/wp-json\/wp\/v2\/users\/1"}],"replies":[{"embeddable":true,"href":"http:\/\/acusticaysonido.net\/ayshome\/index.php\/wp-json\/wp\/v2\/comments?post=193"}],"version-history":[{"count":8,"href":"http:\/\/acusticaysonido.net\/ayshome\/index.php\/wp-json\/wp\/v2\/pages\/193\/revisions"}],"predecessor-version":[{"id":939,"href":"http:\/\/acusticaysonido.net\/ayshome\/index.php\/wp-json\/wp\/v2\/pages\/193\/revisions\/939"}],"wp:attachment":[{"href":"http:\/\/acusticaysonido.net\/ayshome\/index.php\/wp-json\/wp\/v2\/media?parent=193"}],"curies":[{"name":"wp","href":"https:\/\/api.w.org\/{rel}","templated":true}]}}