{"id":191,"date":"2020-05-08T10:46:41","date_gmt":"2020-05-08T16:46:41","guid":{"rendered":"http:\/\/acusticaysonido.net\/ayshome\/?page_id=191"},"modified":"2020-05-20T15:59:53","modified_gmt":"2020-05-20T21:59:53","slug":"aurora-multimedia","status":"publish","type":"page","link":"http:\/\/acusticaysonido.net\/ayshome\/index.php\/aurora-multimedia\/","title":{"rendered":"Aurora Multimedia"},"content":{"rendered":"\n<figure class=\"wp-block-image size-large is-resized\"><a href=\"https:\/\/auroramultimedia.com\/\/\" target=\"_blank\" rel=\"noopener noreferrer\"><img loading=\"lazy\" decoding=\"async\" src=\"http:\/\/acusticaysonido.net\/ayshome\/wp-content\/uploads\/2020\/05\/Aurora_Logo_Edited.jpg\" alt=\"\" class=\"wp-image-310\" width=\"247\" height=\"62\" srcset=\"http:\/\/acusticaysonido.net\/ayshome\/wp-content\/uploads\/2020\/05\/Aurora_Logo_Edited.jpg 640w, http:\/\/acusticaysonido.net\/ayshome\/wp-content\/uploads\/2020\/05\/Aurora_Logo_Edited-600x150.jpg 600w, http:\/\/acusticaysonido.net\/ayshome\/wp-content\/uploads\/2020\/05\/Aurora_Logo_Edited-300x75.jpg 300w\" sizes=\"(max-width: 247px) 100vw, 247px\" \/><\/a><\/figure>\n\n\n\n<hr class=\"wp-block-separator\"\/>\n\n\n\n<p><a href=\"https:\/\/auroramultimedia.com\/\" target=\"_blank\" rel=\"noreferrer noopener\"><span class=\"has-inline-color has-vivid-cyan-blue-color\">Visitar p\u00e1gina web de Aurora Multimedia<\/span><\/a><\/p>\n\n\n\n<hr class=\"wp-block-separator\"\/>\n\n\n\n<p>Los productos Aurora Multimedia incorporan tecnolog\u00edas de vanguardia que superan las especificaciones y caracter\u00edsticas t\u00edpicas. Su historia de innovaci\u00f3n, desde la introducci\u00f3n de los primeros sistemas de control de IP y paneles t\u00e1ctiles, basados \u200b\u200ben est\u00e1ndares web de la industria, hasta las soluciones avanzadas de distribuci\u00f3n de video por IP HDBaseT \u2122 e IPBaseT \u2122 de hoy en d\u00eda, nos ha convertido en una fuerza dominante en la industria de AV.<br><br>Innovadores en el campo de la distribuci\u00f3n de video sobre IP, ofrecen sus l\u00edneas VLX e IPX, con capacidad de transportar video en la m\u00e1s alta calidad a trav\u00e9s de redes desde 1 hasta 10Gbps con una alta escalabilidad y adaptabilidad, a tiempo real.<br><br>Fundada en 1998, Aurora Multimedia fabrica productos en sus propias instalaciones en Morganville, Nueva Jersey. Tener una l\u00ednea de producci\u00f3n interna les brinda la flexibilidad de personalizar e innovar m\u00e1s r\u00e1pidamente con un mejor control sobre el proceso de fabricaci\u00f3n \/ calidad, y la capacidad de personalizar para satisfacer las demandas del usuario final. Dise\u00f1an y fabrican productos para las soluciones audiovisuales actuales, teniendo en cuenta los integradores y los presupuestos de sus clientes.<\/p>\n\n\n\n<hr class=\"wp-block-separator\"\/>\n\n\n\n<figure class=\"wp-block-gallery columns-2 is-cropped wp-block-gallery-1 is-layout-flex wp-block-gallery-is-layout-flex\"><ul class=\"blocks-gallery-grid\"><li class=\"blocks-gallery-item\"><figure><img loading=\"lazy\" decoding=\"async\" width=\"1024\" height=\"512\" src=\"http:\/\/acusticaysonido.net\/ayshome\/wp-content\/uploads\/2020\/05\/0-1024x512.jpg\" alt=\"\" data-id=\"304\" data-link=\"http:\/\/acusticaysonido.net\/ayshome\/index.php\/aurora-multimedia\/attachment\/0\/\" class=\"wp-image-304\" srcset=\"http:\/\/acusticaysonido.net\/ayshome\/wp-content\/uploads\/2020\/05\/0-1024x512.jpg 1024w, http:\/\/acusticaysonido.net\/ayshome\/wp-content\/uploads\/2020\/05\/0-600x300.jpg 600w, http:\/\/acusticaysonido.net\/ayshome\/wp-content\/uploads\/2020\/05\/0-300x150.jpg 300w, http:\/\/acusticaysonido.net\/ayshome\/wp-content\/uploads\/2020\/05\/0-768x384.jpg 768w, http:\/\/acusticaysonido.net\/ayshome\/wp-content\/uploads\/2020\/05\/0.jpg 1536w\" sizes=\"(max-width: 1024px) 100vw, 1024px\" \/><\/figure><\/li><li class=\"blocks-gallery-item\"><figure><img loading=\"lazy\" decoding=\"async\" width=\"1024\" height=\"318\" src=\"http:\/\/acusticaysonido.net\/ayshome\/wp-content\/uploads\/2020\/05\/Aurora_range-1024x318.jpg\" alt=\"\" data-id=\"305\" data-full-url=\"http:\/\/acusticaysonido.net\/ayshome\/wp-content\/uploads\/2020\/05\/Aurora_range-scaled.jpg\" data-link=\"http:\/\/acusticaysonido.net\/ayshome\/index.php\/aurora-multimedia\/aurora_range\/\" class=\"wp-image-305\" srcset=\"http:\/\/acusticaysonido.net\/ayshome\/wp-content\/uploads\/2020\/05\/Aurora_range-1024x318.jpg 1024w, http:\/\/acusticaysonido.net\/ayshome\/wp-content\/uploads\/2020\/05\/Aurora_range-scaled-600x186.jpg 600w, http:\/\/acusticaysonido.net\/ayshome\/wp-content\/uploads\/2020\/05\/Aurora_range-300x93.jpg 300w, http:\/\/acusticaysonido.net\/ayshome\/wp-content\/uploads\/2020\/05\/Aurora_range-768x239.jpg 768w, http:\/\/acusticaysonido.net\/ayshome\/wp-content\/uploads\/2020\/05\/Aurora_range-1536x477.jpg 1536w, http:\/\/acusticaysonido.net\/ayshome\/wp-content\/uploads\/2020\/05\/Aurora_range-2048x636.jpg 2048w\" sizes=\"(max-width: 1024px) 100vw, 1024px\" \/><\/figure><\/li><\/ul><\/figure>\n\n\n\n<p><\/p>\n","protected":false},"excerpt":{"rendered":"<p>Visitar p\u00e1gina web de Aurora Multimedia Los productos Aurora Multimedia incorporan tecnolog\u00edas de vanguardia que superan las especificaciones y caracter\u00edsticas t\u00edpicas. Su historia de innovaci\u00f3n, desde la introducci\u00f3n de los primeros sistemas de control de IP y paneles t\u00e1ctiles, basados \u200b\u200ben est\u00e1ndares web de la industria, hasta las soluciones avanzadas de distribuci\u00f3n de video por [&hellip;]<\/p>\n","protected":false},"author":1,"featured_media":0,"parent":0,"menu_order":0,"comment_status":"closed","ping_status":"closed","template":"","meta":{"footnotes":""},"_links":{"self":[{"href":"http:\/\/acusticaysonido.net\/ayshome\/index.php\/wp-json\/wp\/v2\/pages\/191"}],"collection":[{"href":"http:\/\/acusticaysonido.net\/ayshome\/index.php\/wp-json\/wp\/v2\/pages"}],"about":[{"href":"http:\/\/acusticaysonido.net\/ayshome\/index.php\/wp-json\/wp\/v2\/types\/page"}],"author":[{"embeddable":true,"href":"http:\/\/acusticaysonido.net\/ayshome\/index.php\/wp-json\/wp\/v2\/users\/1"}],"replies":[{"embeddable":true,"href":"http:\/\/acusticaysonido.net\/ayshome\/index.php\/wp-json\/wp\/v2\/comments?post=191"}],"version-history":[{"count":12,"href":"http:\/\/acusticaysonido.net\/ayshome\/index.php\/wp-json\/wp\/v2\/pages\/191\/revisions"}],"predecessor-version":[{"id":949,"href":"http:\/\/acusticaysonido.net\/ayshome\/index.php\/wp-json\/wp\/v2\/pages\/191\/revisions\/949"}],"wp:attachment":[{"href":"http:\/\/acusticaysonido.net\/ayshome\/index.php\/wp-json\/wp\/v2\/media?parent=191"}],"curies":[{"name":"wp","href":"https:\/\/api.w.org\/{rel}","templated":true}]}}