{"id":1038,"date":"2020-09-15T12:08:05","date_gmt":"2020-09-15T18:08:05","guid":{"rendered":"http:\/\/acusticaysonido.net\/ayshome\/?page_id=1038"},"modified":"2020-09-15T15:14:27","modified_gmt":"2020-09-15T21:14:27","slug":"sgm-light-arquitectonico","status":"publish","type":"page","link":"http:\/\/acusticaysonido.net\/ayshome\/index.php\/sgm-light-arquitectonico\/","title":{"rendered":"SGM Light Arquitect\u00f3nico"},"content":{"rendered":"\n<p class=\"has-large-font-size\">SGM Light Arquitect\u00f3nico<\/p>\n\n\n\n<hr class=\"wp-block-separator\"\/>\n\n\n\n<figure class=\"wp-block-image size-large is-resized\"><img loading=\"lazy\" decoding=\"async\" src=\"http:\/\/acusticaysonido.net\/ayshome\/wp-content\/uploads\/2020\/05\/sgm-lighting-logo.jpg\" alt=\"\" class=\"wp-image-330\" width=\"216\" height=\"66\" srcset=\"http:\/\/acusticaysonido.net\/ayshome\/wp-content\/uploads\/2020\/05\/sgm-lighting-logo.jpg 820w, http:\/\/acusticaysonido.net\/ayshome\/wp-content\/uploads\/2020\/05\/sgm-lighting-logo-600x184.jpg 600w, http:\/\/acusticaysonido.net\/ayshome\/wp-content\/uploads\/2020\/05\/sgm-lighting-logo-300x92.jpg 300w, http:\/\/acusticaysonido.net\/ayshome\/wp-content\/uploads\/2020\/05\/sgm-lighting-logo-768x236.jpg 768w, http:\/\/acusticaysonido.net\/ayshome\/wp-content\/uploads\/2020\/05\/sgm-lighting-logo-812x252.jpg 812w\" sizes=\"(max-width: 216px) 100vw, 216px\" \/><\/figure>\n\n\n\n<hr class=\"wp-block-separator\"\/>\n\n\n\n<p><a href=\"https:\/\/sgmlight.com\/architecture\" target=\"_blank\" rel=\"noreferrer noopener\"><span class=\"has-inline-color has-vivid-cyan-blue-color\">Visitar p\u00e1gina web de SGM Light Arquitect\u00f3nico<\/span><\/a><\/p>\n\n\n\n<hr class=\"wp-block-separator\"\/>\n\n\n\n<p><strong>ILUMINA TU EDIFICIO CON ILUMINACI\u00d3N ARQUITECT\u00d3NICA SGM<\/strong><\/p>\n\n\n\n<p>&#8230; o su puente, su barco, su instalaci\u00f3n de arte, lo que sea. Los accesorios de iluminaci\u00f3n arquitect\u00f3nica de SGM se denominados POI (Permanent Outdoor Installations) para instalaciones exteriores permanentes; son una inversi\u00f3n segura si necesita luminarias potentes, fiables y resistentes a la intemperie fabricadas espec\u00edficamente para dise\u00f1os de iluminaci\u00f3n arquitect\u00f3nica exterior. Llevemos su idea a todo su potencial cumpliendo su visi\u00f3n de dise\u00f1o.<\/p>\n\n\n\n<p><strong>LUCES ARQUITECT\u00d3NICAS RESISTENTES A LA CLIMA<\/strong><\/p>\n\n\n\n<p>SGM es conocida por nuestra popular iluminaci\u00f3n arquitect\u00f3nica, la mejor en su clase. Soluciones duraderas preparadas para cualquier tipo de clima. Los factores externos, como la protecci\u00f3n UV, el impacto IK, las temperaturas extremas, la resistencia a las tormentas de arena y el rendimiento a largo plazo, se tomaron en cuenta al dise\u00f1ar, construir y probar las luminarias POI.<\/p>\n\n\n\n<p><strong>LUMINARIAS POI CON CLASIFICACI\u00d3N IP66 CON DESHUMIDIFICACI\u00d3N ACTIVA<\/strong><\/p>\n\n\n\n<p>Todas nuestras luminarias POI arquitect\u00f3nicas est\u00e1n hechas para instalaciones exteriores permanentes, debido a su fabricaci\u00f3n exterior resistente, alta clasificaci\u00f3n IP66 y nuestra deshumidificaci\u00f3n incorporada patentada. Caracter\u00edsticas de la tecnolog\u00eda DryTek, que asegura la evaporaci\u00f3n del hidr\u00f3geno de la inevitable acumulaci\u00f3n de condensaci\u00f3n.<\/p>\n\n\n\n<hr class=\"wp-block-separator\"\/>\n\n\n\n<figure class=\"wp-block-gallery columns-3 is-cropped wp-block-gallery-1 is-layout-flex wp-block-gallery-is-layout-flex\"><ul class=\"blocks-gallery-grid\"><li class=\"blocks-gallery-item\"><figure><a href=\"http:\/\/acusticaysonido.net\/ayshome\/wp-content\/uploads\/2020\/09\/P-5TW_front_hvid_POI_logo_text-1024x962.png\"><img loading=\"lazy\" decoding=\"async\" width=\"1024\" height=\"962\" src=\"http:\/\/acusticaysonido.net\/ayshome\/wp-content\/uploads\/2020\/09\/P-5TW_front_hvid_POI_logo_text-1024x962.png\" alt=\"\" data-id=\"1060\" data-link=\"http:\/\/acusticaysonido.net\/ayshome\/index.php\/sgm-light-arquitectonico\/p-5tw_front_hvid_poi_logo_text\/\" class=\"wp-image-1060\" srcset=\"http:\/\/acusticaysonido.net\/ayshome\/wp-content\/uploads\/2020\/09\/P-5TW_front_hvid_POI_logo_text-1024x962.png 1024w, http:\/\/acusticaysonido.net\/ayshome\/wp-content\/uploads\/2020\/09\/P-5TW_front_hvid_POI_logo_text-600x563.png 600w, http:\/\/acusticaysonido.net\/ayshome\/wp-content\/uploads\/2020\/09\/P-5TW_front_hvid_POI_logo_text-300x282.png 300w, http:\/\/acusticaysonido.net\/ayshome\/wp-content\/uploads\/2020\/09\/P-5TW_front_hvid_POI_logo_text-768x721.png 768w, http:\/\/acusticaysonido.net\/ayshome\/wp-content\/uploads\/2020\/09\/P-5TW_front_hvid_POI_logo_text.png 1150w\" sizes=\"(max-width: 1024px) 100vw, 1024px\" \/><\/a><\/figure><\/li><li class=\"blocks-gallery-item\"><figure><a href=\"http:\/\/acusticaysonido.net\/ayshome\/wp-content\/uploads\/2020\/09\/I-5_Blue_front_white_POI_logo_text-1024x948.png\"><img loading=\"lazy\" decoding=\"async\" width=\"1024\" height=\"948\" src=\"http:\/\/acusticaysonido.net\/ayshome\/wp-content\/uploads\/2020\/09\/I-5_Blue_front_white_POI_logo_text-1024x948.png\" alt=\"\" data-id=\"1065\" data-link=\"http:\/\/acusticaysonido.net\/ayshome\/index.php\/sgm-light-arquitectonico\/i-5_blue_front_white_poi_logo_text\/\" class=\"wp-image-1065\" srcset=\"http:\/\/acusticaysonido.net\/ayshome\/wp-content\/uploads\/2020\/09\/I-5_Blue_front_white_POI_logo_text-1024x948.png 1024w, http:\/\/acusticaysonido.net\/ayshome\/wp-content\/uploads\/2020\/09\/I-5_Blue_front_white_POI_logo_text-600x556.png 600w, http:\/\/acusticaysonido.net\/ayshome\/wp-content\/uploads\/2020\/09\/I-5_Blue_front_white_POI_logo_text-300x278.png 300w, http:\/\/acusticaysonido.net\/ayshome\/wp-content\/uploads\/2020\/09\/I-5_Blue_front_white_POI_logo_text-768x711.png 768w, http:\/\/acusticaysonido.net\/ayshome\/wp-content\/uploads\/2020\/09\/I-5_Blue_front_white_POI_logo_text.png 1166w\" sizes=\"(max-width: 1024px) 100vw, 1024px\" \/><\/a><\/figure><\/li><li class=\"blocks-gallery-item\"><figure><a href=\"http:\/\/acusticaysonido.net\/ayshome\/wp-content\/uploads\/2020\/09\/G-4Wash-Beam_POI_front_logo_text-982x1024.png\"><img loading=\"lazy\" decoding=\"async\" width=\"982\" height=\"1024\" src=\"http:\/\/acusticaysonido.net\/ayshome\/wp-content\/uploads\/2020\/09\/G-4Wash-Beam_POI_front_logo_text-982x1024.png\" alt=\"\" data-id=\"1061\" data-link=\"http:\/\/acusticaysonido.net\/ayshome\/index.php\/sgm-light-arquitectonico\/g-4wash-beam_poi_front_logo_text\/\" class=\"wp-image-1061\" srcset=\"http:\/\/acusticaysonido.net\/ayshome\/wp-content\/uploads\/2020\/09\/G-4Wash-Beam_POI_front_logo_text-982x1024.png 982w, http:\/\/acusticaysonido.net\/ayshome\/wp-content\/uploads\/2020\/09\/G-4Wash-Beam_POI_front_logo_text-600x625.png 600w, http:\/\/acusticaysonido.net\/ayshome\/wp-content\/uploads\/2020\/09\/G-4Wash-Beam_POI_front_logo_text-288x300.png 288w, http:\/\/acusticaysonido.net\/ayshome\/wp-content\/uploads\/2020\/09\/G-4Wash-Beam_POI_front_logo_text-768x801.png 768w, http:\/\/acusticaysonido.net\/ayshome\/wp-content\/uploads\/2020\/09\/G-4Wash-Beam_POI_front_logo_text.png 1036w\" sizes=\"(max-width: 982px) 100vw, 982px\" \/><\/a><\/figure><\/li><li class=\"blocks-gallery-item\"><figure><a href=\"http:\/\/acusticaysonido.net\/ayshome\/wp-content\/uploads\/2020\/09\/G-Spot_front_hvid_POI_logo_text-1024x1012.png\"><img loading=\"lazy\" decoding=\"async\" width=\"1024\" height=\"1012\" src=\"http:\/\/acusticaysonido.net\/ayshome\/wp-content\/uploads\/2020\/09\/G-Spot_front_hvid_POI_logo_text-1024x1012.png\" alt=\"\" data-id=\"1062\" data-link=\"http:\/\/acusticaysonido.net\/ayshome\/index.php\/sgm-light-arquitectonico\/g-spot_front_hvid_poi_logo_text\/\" class=\"wp-image-1062\" srcset=\"http:\/\/acusticaysonido.net\/ayshome\/wp-content\/uploads\/2020\/09\/G-Spot_front_hvid_POI_logo_text-1024x1012.png 1024w, http:\/\/acusticaysonido.net\/ayshome\/wp-content\/uploads\/2020\/09\/G-Spot_front_hvid_POI_logo_text-100x100.png 100w, http:\/\/acusticaysonido.net\/ayshome\/wp-content\/uploads\/2020\/09\/G-Spot_front_hvid_POI_logo_text-600x593.png 600w, http:\/\/acusticaysonido.net\/ayshome\/wp-content\/uploads\/2020\/09\/G-Spot_front_hvid_POI_logo_text-300x296.png 300w, http:\/\/acusticaysonido.net\/ayshome\/wp-content\/uploads\/2020\/09\/G-Spot_front_hvid_POI_logo_text-768x759.png 768w, http:\/\/acusticaysonido.net\/ayshome\/wp-content\/uploads\/2020\/09\/G-Spot_front_hvid_POI_logo_text.png 1093w\" sizes=\"(max-width: 1024px) 100vw, 1024px\" \/><\/a><\/figure><\/li><li class=\"blocks-gallery-item\"><figure><a href=\"http:\/\/acusticaysonido.net\/ayshome\/wp-content\/uploads\/2020\/09\/VPL_Series_logo_text-1024x1024.png\"><img loading=\"lazy\" decoding=\"async\" width=\"1024\" height=\"1024\" src=\"http:\/\/acusticaysonido.net\/ayshome\/wp-content\/uploads\/2020\/09\/VPL_Series_logo_text-1024x1024.png\" alt=\"\" data-id=\"1063\" data-link=\"http:\/\/acusticaysonido.net\/ayshome\/index.php\/sgm-light-arquitectonico\/vpl_series_logo_text\/\" class=\"wp-image-1063\" srcset=\"http:\/\/acusticaysonido.net\/ayshome\/wp-content\/uploads\/2020\/09\/VPL_Series_logo_text-1024x1024.png 1024w, http:\/\/acusticaysonido.net\/ayshome\/wp-content\/uploads\/2020\/09\/VPL_Series_logo_text-300x300.png 300w, http:\/\/acusticaysonido.net\/ayshome\/wp-content\/uploads\/2020\/09\/VPL_Series_logo_text-100x100.png 100w, http:\/\/acusticaysonido.net\/ayshome\/wp-content\/uploads\/2020\/09\/VPL_Series_logo_text-600x600.png 600w, http:\/\/acusticaysonido.net\/ayshome\/wp-content\/uploads\/2020\/09\/VPL_Series_logo_text-150x150.png 150w, http:\/\/acusticaysonido.net\/ayshome\/wp-content\/uploads\/2020\/09\/VPL_Series_logo_text-768x768.png 768w, http:\/\/acusticaysonido.net\/ayshome\/wp-content\/uploads\/2020\/09\/VPL_Series_logo_text.png 1080w\" sizes=\"(max-width: 1024px) 100vw, 1024px\" \/><\/a><\/figure><\/li><li class=\"blocks-gallery-item\"><figure><a href=\"http:\/\/acusticaysonido.net\/ayshome\/wp-content\/uploads\/2020\/09\/R-2_white_black-1015x1024.png\"><img loading=\"lazy\" decoding=\"async\" width=\"1015\" height=\"1024\" src=\"http:\/\/acusticaysonido.net\/ayshome\/wp-content\/uploads\/2020\/09\/R-2_white_black-1015x1024.png\" alt=\"\" data-id=\"1064\" data-link=\"http:\/\/acusticaysonido.net\/ayshome\/index.php\/sgm-light-arquitectonico\/r-2_white_black\/\" class=\"wp-image-1064\" srcset=\"http:\/\/acusticaysonido.net\/ayshome\/wp-content\/uploads\/2020\/09\/R-2_white_black-1015x1024.png 1015w, http:\/\/acusticaysonido.net\/ayshome\/wp-content\/uploads\/2020\/09\/R-2_white_black-100x100.png 100w, http:\/\/acusticaysonido.net\/ayshome\/wp-content\/uploads\/2020\/09\/R-2_white_black-600x606.png 600w, http:\/\/acusticaysonido.net\/ayshome\/wp-content\/uploads\/2020\/09\/R-2_white_black-297x300.png 297w, http:\/\/acusticaysonido.net\/ayshome\/wp-content\/uploads\/2020\/09\/R-2_white_black-150x150.png 150w, http:\/\/acusticaysonido.net\/ayshome\/wp-content\/uploads\/2020\/09\/R-2_white_black-768x775.png 768w, http:\/\/acusticaysonido.net\/ayshome\/wp-content\/uploads\/2020\/09\/R-2_white_black.png 1070w\" sizes=\"(max-width: 1015px) 100vw, 1015px\" \/><\/a><\/figure><\/li><\/ul><\/figure>\n\n\n\n<hr class=\"wp-block-separator\"\/>\n\n\n\n<figure class=\"wp-block-gallery columns-3 is-cropped wp-block-gallery-2 is-layout-flex wp-block-gallery-is-layout-flex\"><ul class=\"blocks-gallery-grid\"><li class=\"blocks-gallery-item\"><figure><a href=\"http:\/\/acusticaysonido.net\/ayshome\/wp-content\/uploads\/2020\/09\/compton-verney-1024x578.jpg\"><img loading=\"lazy\" decoding=\"async\" width=\"1024\" height=\"578\" src=\"http:\/\/acusticaysonido.net\/ayshome\/wp-content\/uploads\/2020\/09\/compton-verney-1024x578.jpg\" alt=\"\" data-id=\"1068\" data-link=\"http:\/\/acusticaysonido.net\/ayshome\/index.php\/sgm-light-arquitectonico\/compton-verney\/\" class=\"wp-image-1068\" srcset=\"http:\/\/acusticaysonido.net\/ayshome\/wp-content\/uploads\/2020\/09\/compton-verney-1024x578.jpg 1024w, http:\/\/acusticaysonido.net\/ayshome\/wp-content\/uploads\/2020\/09\/compton-verney-600x339.jpg 600w, http:\/\/acusticaysonido.net\/ayshome\/wp-content\/uploads\/2020\/09\/compton-verney-300x169.jpg 300w, http:\/\/acusticaysonido.net\/ayshome\/wp-content\/uploads\/2020\/09\/compton-verney-768x434.jpg 768w, http:\/\/acusticaysonido.net\/ayshome\/wp-content\/uploads\/2020\/09\/compton-verney-1536x868.jpg 1536w, http:\/\/acusticaysonido.net\/ayshome\/wp-content\/uploads\/2020\/09\/compton-verney.jpg 1912w\" sizes=\"(max-width: 1024px) 100vw, 1024px\" \/><\/a><\/figure><\/li><li class=\"blocks-gallery-item\"><figure><a href=\"http:\/\/acusticaysonido.net\/ayshome\/wp-content\/uploads\/2020\/09\/castle-1024x682.jpg\"><img loading=\"lazy\" decoding=\"async\" width=\"1024\" height=\"682\" src=\"http:\/\/acusticaysonido.net\/ayshome\/wp-content\/uploads\/2020\/09\/castle-1024x682.jpg\" alt=\"\" data-id=\"1069\" data-link=\"http:\/\/acusticaysonido.net\/ayshome\/index.php\/sgm-light-arquitectonico\/castle\/\" class=\"wp-image-1069\" srcset=\"http:\/\/acusticaysonido.net\/ayshome\/wp-content\/uploads\/2020\/09\/castle-1024x682.jpg 1024w, http:\/\/acusticaysonido.net\/ayshome\/wp-content\/uploads\/2020\/09\/castle-600x400.jpg 600w, http:\/\/acusticaysonido.net\/ayshome\/wp-content\/uploads\/2020\/09\/castle-300x200.jpg 300w, http:\/\/acusticaysonido.net\/ayshome\/wp-content\/uploads\/2020\/09\/castle-768x512.jpg 768w, http:\/\/acusticaysonido.net\/ayshome\/wp-content\/uploads\/2020\/09\/castle-1536x1023.jpg 1536w, http:\/\/acusticaysonido.net\/ayshome\/wp-content\/uploads\/2020\/09\/castle.jpg 1621w\" sizes=\"(max-width: 1024px) 100vw, 1024px\" \/><\/a><\/figure><\/li><li class=\"blocks-gallery-item\"><figure><a href=\"http:\/\/acusticaysonido.net\/ayshome\/wp-content\/uploads\/2020\/09\/microsoft-1024x457.jpg\"><img loading=\"lazy\" decoding=\"async\" width=\"1024\" height=\"457\" src=\"http:\/\/acusticaysonido.net\/ayshome\/wp-content\/uploads\/2020\/09\/microsoft-1024x457.jpg\" alt=\"\" data-id=\"1072\" data-link=\"http:\/\/acusticaysonido.net\/ayshome\/index.php\/sgm-light-arquitectonico\/microsoft\/\" class=\"wp-image-1072\" srcset=\"http:\/\/acusticaysonido.net\/ayshome\/wp-content\/uploads\/2020\/09\/microsoft-1024x457.jpg 1024w, http:\/\/acusticaysonido.net\/ayshome\/wp-content\/uploads\/2020\/09\/microsoft-600x268.jpg 600w, http:\/\/acusticaysonido.net\/ayshome\/wp-content\/uploads\/2020\/09\/microsoft-300x134.jpg 300w, http:\/\/acusticaysonido.net\/ayshome\/wp-content\/uploads\/2020\/09\/microsoft-768x342.jpg 768w, http:\/\/acusticaysonido.net\/ayshome\/wp-content\/uploads\/2020\/09\/microsoft-1536x685.jpg 1536w, http:\/\/acusticaysonido.net\/ayshome\/wp-content\/uploads\/2020\/09\/microsoft.jpg 1920w\" sizes=\"(max-width: 1024px) 100vw, 1024px\" \/><\/a><\/figure><\/li><li class=\"blocks-gallery-item\"><figure><a href=\"http:\/\/acusticaysonido.net\/ayshome\/wp-content\/uploads\/2020\/09\/copenhagen-1024x683.jpg\"><img loading=\"lazy\" decoding=\"async\" width=\"1024\" height=\"683\" src=\"http:\/\/acusticaysonido.net\/ayshome\/wp-content\/uploads\/2020\/09\/copenhagen-1024x683.jpg\" alt=\"\" data-id=\"1070\" data-link=\"http:\/\/acusticaysonido.net\/ayshome\/index.php\/sgm-light-arquitectonico\/copenhagen\/\" class=\"wp-image-1070\" srcset=\"http:\/\/acusticaysonido.net\/ayshome\/wp-content\/uploads\/2020\/09\/copenhagen-1024x683.jpg 1024w, http:\/\/acusticaysonido.net\/ayshome\/wp-content\/uploads\/2020\/09\/copenhagen-600x400.jpg 600w, http:\/\/acusticaysonido.net\/ayshome\/wp-content\/uploads\/2020\/09\/copenhagen-300x200.jpg 300w, http:\/\/acusticaysonido.net\/ayshome\/wp-content\/uploads\/2020\/09\/copenhagen-768x512.jpg 768w, http:\/\/acusticaysonido.net\/ayshome\/wp-content\/uploads\/2020\/09\/copenhagen-1536x1024.jpg 1536w, http:\/\/acusticaysonido.net\/ayshome\/wp-content\/uploads\/2020\/09\/copenhagen.jpg 1620w\" sizes=\"(max-width: 1024px) 100vw, 1024px\" \/><\/a><\/figure><\/li><li class=\"blocks-gallery-item\"><figure><a href=\"http:\/\/acusticaysonido.net\/ayshome\/wp-content\/uploads\/2020\/09\/alingsas-1024x576.jpg\"><img loading=\"lazy\" decoding=\"async\" width=\"1024\" height=\"576\" src=\"http:\/\/acusticaysonido.net\/ayshome\/wp-content\/uploads\/2020\/09\/alingsas-1024x576.jpg\" alt=\"\" data-id=\"1067\" data-link=\"http:\/\/acusticaysonido.net\/ayshome\/index.php\/sgm-light-arquitectonico\/alingsas\/\" class=\"wp-image-1067\" srcset=\"http:\/\/acusticaysonido.net\/ayshome\/wp-content\/uploads\/2020\/09\/alingsas-1024x576.jpg 1024w, http:\/\/acusticaysonido.net\/ayshome\/wp-content\/uploads\/2020\/09\/alingsas-600x338.jpg 600w, http:\/\/acusticaysonido.net\/ayshome\/wp-content\/uploads\/2020\/09\/alingsas-300x169.jpg 300w, http:\/\/acusticaysonido.net\/ayshome\/wp-content\/uploads\/2020\/09\/alingsas-768x432.jpg 768w, http:\/\/acusticaysonido.net\/ayshome\/wp-content\/uploads\/2020\/09\/alingsas-1536x864.jpg 1536w, http:\/\/acusticaysonido.net\/ayshome\/wp-content\/uploads\/2020\/09\/alingsas.jpg 1920w\" sizes=\"(max-width: 1024px) 100vw, 1024px\" \/><\/a><\/figure><\/li><li class=\"blocks-gallery-item\"><figure><a href=\"http:\/\/acusticaysonido.net\/ayshome\/wp-content\/uploads\/2020\/09\/puente.png\"><img loading=\"lazy\" decoding=\"async\" width=\"350\" height=\"220\" src=\"http:\/\/acusticaysonido.net\/ayshome\/wp-content\/uploads\/2020\/09\/puente.png\" alt=\"\" data-id=\"1073\" data-link=\"http:\/\/acusticaysonido.net\/ayshome\/index.php\/sgm-light-arquitectonico\/puente\/\" class=\"wp-image-1073\" srcset=\"http:\/\/acusticaysonido.net\/ayshome\/wp-content\/uploads\/2020\/09\/puente.png 350w, http:\/\/acusticaysonido.net\/ayshome\/wp-content\/uploads\/2020\/09\/puente-300x189.png 300w\" sizes=\"(max-width: 350px) 100vw, 350px\" \/><\/a><\/figure><\/li><li class=\"blocks-gallery-item\"><figure><a href=\"http:\/\/acusticaysonido.net\/ayshome\/wp-content\/uploads\/2020\/09\/GetImage-1024x576.jpg\"><img loading=\"lazy\" decoding=\"async\" width=\"1024\" height=\"576\" src=\"http:\/\/acusticaysonido.net\/ayshome\/wp-content\/uploads\/2020\/09\/GetImage-1024x576.jpg\" alt=\"\" data-id=\"1074\" data-link=\"http:\/\/acusticaysonido.net\/ayshome\/index.php\/sgm-light-arquitectonico\/getimage\/\" class=\"wp-image-1074\" srcset=\"http:\/\/acusticaysonido.net\/ayshome\/wp-content\/uploads\/2020\/09\/GetImage-1024x576.jpg 1024w, http:\/\/acusticaysonido.net\/ayshome\/wp-content\/uploads\/2020\/09\/GetImage-600x338.jpg 600w, http:\/\/acusticaysonido.net\/ayshome\/wp-content\/uploads\/2020\/09\/GetImage-300x169.jpg 300w, http:\/\/acusticaysonido.net\/ayshome\/wp-content\/uploads\/2020\/09\/GetImage-768x432.jpg 768w, http:\/\/acusticaysonido.net\/ayshome\/wp-content\/uploads\/2020\/09\/GetImage-1536x864.jpg 1536w, http:\/\/acusticaysonido.net\/ayshome\/wp-content\/uploads\/2020\/09\/GetImage.jpg 1920w\" sizes=\"(max-width: 1024px) 100vw, 1024px\" \/><\/a><\/figure><\/li><li class=\"blocks-gallery-item\"><figure><a href=\"http:\/\/acusticaysonido.net\/ayshome\/wp-content\/uploads\/2020\/09\/nightscapes.jpg\"><img loading=\"lazy\" decoding=\"async\" width=\"1024\" height=\"576\" src=\"http:\/\/acusticaysonido.net\/ayshome\/wp-content\/uploads\/2020\/09\/nightscapes-1024x576.jpg\" alt=\"\" data-id=\"1076\" data-full-url=\"http:\/\/acusticaysonido.net\/ayshome\/wp-content\/uploads\/2020\/09\/nightscapes.jpg\" data-link=\"http:\/\/acusticaysonido.net\/ayshome\/index.php\/sgm-light-arquitectonico\/nightscapes\/\" class=\"wp-image-1076\" srcset=\"http:\/\/acusticaysonido.net\/ayshome\/wp-content\/uploads\/2020\/09\/nightscapes-1024x576.jpg 1024w, http:\/\/acusticaysonido.net\/ayshome\/wp-content\/uploads\/2020\/09\/nightscapes-600x338.jpg 600w, http:\/\/acusticaysonido.net\/ayshome\/wp-content\/uploads\/2020\/09\/nightscapes-300x169.jpg 300w, http:\/\/acusticaysonido.net\/ayshome\/wp-content\/uploads\/2020\/09\/nightscapes-768x432.jpg 768w, http:\/\/acusticaysonido.net\/ayshome\/wp-content\/uploads\/2020\/09\/nightscapes-1536x864.jpg 1536w, http:\/\/acusticaysonido.net\/ayshome\/wp-content\/uploads\/2020\/09\/nightscapes.jpg 1920w\" sizes=\"(max-width: 1024px) 100vw, 1024px\" \/><\/a><\/figure><\/li><\/ul><\/figure>\n","protected":false},"excerpt":{"rendered":"<p>SGM Light Arquitect\u00f3nico Visitar p\u00e1gina web de SGM Light Arquitect\u00f3nico ILUMINA TU EDIFICIO CON ILUMINACI\u00d3N ARQUITECT\u00d3NICA SGM &#8230; o su puente, su barco, su instalaci\u00f3n de arte, lo que sea. Los accesorios de iluminaci\u00f3n arquitect\u00f3nica de SGM se denominados POI (Permanent Outdoor Installations) para instalaciones exteriores permanentes; son una inversi\u00f3n segura si necesita luminarias potentes, [&hellip;]<\/p>\n","protected":false},"author":4,"featured_media":0,"parent":0,"menu_order":0,"comment_status":"closed","ping_status":"closed","template":"","meta":{"footnotes":""},"_links":{"self":[{"href":"http:\/\/acusticaysonido.net\/ayshome\/index.php\/wp-json\/wp\/v2\/pages\/1038"}],"collection":[{"href":"http:\/\/acusticaysonido.net\/ayshome\/index.php\/wp-json\/wp\/v2\/pages"}],"about":[{"href":"http:\/\/acusticaysonido.net\/ayshome\/index.php\/wp-json\/wp\/v2\/types\/page"}],"author":[{"embeddable":true,"href":"http:\/\/acusticaysonido.net\/ayshome\/index.php\/wp-json\/wp\/v2\/users\/4"}],"replies":[{"embeddable":true,"href":"http:\/\/acusticaysonido.net\/ayshome\/index.php\/wp-json\/wp\/v2\/comments?post=1038"}],"version-history":[{"count":16,"href":"http:\/\/acusticaysonido.net\/ayshome\/index.php\/wp-json\/wp\/v2\/pages\/1038\/revisions"}],"predecessor-version":[{"id":1084,"href":"http:\/\/acusticaysonido.net\/ayshome\/index.php\/wp-json\/wp\/v2\/pages\/1038\/revisions\/1084"}],"wp:attachment":[{"href":"http:\/\/acusticaysonido.net\/ayshome\/index.php\/wp-json\/wp\/v2\/media?parent=1038"}],"curies":[{"name":"wp","href":"https:\/\/api.w.org\/{rel}","templated":true}]}}